at is -21020 - 12?
-21102
In base 10, what is -7 - -3?
-4
In base 13, what is 2 - 2b5?
-2b3
In base 9, what is -1 + -300?
-301
In base 3, what is 12 - -1222?
2011
In base 13, what is 3c2 + -2?
3c0
In base 5, what is 12 + -22?
-10
In base 13, what is -16 - -4b?
35
In base 8, what is 5 - -37?
44
In base 15, what is c - 12?
-5
In base 8, what is -4 + 1705?
1701
In base 12, what is 5 - 130?
-127
In base 5, what is 1 + 212?
213
In base 5, what is 3042 - 2?
3040
In base 5, what is -213 - -4?
-204
In base 8, what is 1361 - -1?
1362
In base 13, what is 3 - 1c?
-19
In base 11, what is -19 - -64?
46
In base 16, what is 0 + -d28?
-d28
In base 3, what is 21 - 2220122?
-2220101
In base 15, what is bc - -19?
d6
In base 5, what is -10 - -1301?
1241
In base 12, what is 18 + 81?
99
In base 12, what is 1 - b?
-a
In base 4, what is 13321 - -103?
20030
In base 16, what is 9d - -7?
a4
In base 8, what is 3 - 165?
-162
In base 15, what is -dc1 - -3?
-dbd
In base 13, what is -c - b8?
-c7
In base 9, what is 7 - -3248?
3256
In base 6, what is 0 + -11?
-11
In base 13, what is 3 - -7a8?
7ab
In base 11, what is 2 - 989?
-987
In base 16, what is 1b - 23?
-8
In base 10, what is -77 - -4?
-73
In base 3, what is 0 + 2120?
2120
In base 14, what is -26 + -1?
-27
In base 16, what is 56 - 3?
53
In base 2, what is 100 - -10000010110?
10000011010
In base 5, what is -144 + 2?
-142
In base 12, what is 238 + 2?
23a
In base 2, what is -1001100 + 1100010?
10110
In base 7, what is -223 + 21?
-202
In base 4, what is 1 - 10110?
-10103
In base 6, what is -10 - 103?
-113
In base 3, what is 211 + 1?
212
In base 13, what is -4 - 91?
-95
In base 3, what is 2 + 22?
101
In base 12, what is -1 + -313b?
-3140
In base 7, what is 1 - 10?
-6
In base 13, what is -214 - 2c?
-243
In base 13, what is -3 - -31?
2b
In base 2, what is -100001 - 10?
-100011
In base 12, what is 7 - -557?
562
In base 9, what is 2150 + -3?
2146
In base 12, what is -666 + -5?
-66b
In base 4, what is 311 + -2?
303
In base 14, what is 230c + 3?
2311
In base 16, what is -4 + 6?
2
In base 3, what is -102102 + 11?
-102021
In base 4, what is 123 - 121?
2
In base 13, what is -1638 - -5?
-1633
In base 12, what is 728 - 5?
723
In base 3, what is -1002002 - -11?
-1001221
In base 13, what is 3371 + -1?
3370
In base 10, what is 4 - 2635?
-2631
In base 14, what is -1 + 600?
5dd
In base 8, what is 724 - -3?
727
In base 14, what is -21d + 1?
-21c
In base 4, what is -21 - 12100?
-12121
In base 12, what is -49 - -1?
-48
In base 9, what is 773 - -4?
777
In base 3, what is 2 - 221210?
-221201
In base 9, what is 4276 + 5?
4282
In base 16, what is -c - 2f?
-3b
In base 13, what is 31 + -20?
11
In base 10, what is 1 + -83?
-82
In base 11, what is -a1 - -1?
-a0
In base 13, what is 7 - -3c9?
403
In base 10, what is 38 - -3?
41
In base 7, what is -2 - -262?
260
In base 13, what is 4b + -63?
-15
In base 3, what is 0 + -2102?
-2102
In base 12, what is -463 + 4?
-45b
In base 10, what is -119 - -1?
-118
In base 2, what is -10011011 + 1011?
-10010000
In base 3, what is -120 + -222?
-1112
In base 16, what is 147 - 5?
142
In base 10, what is 22 + 7?
29
In base 8, what is 14 + 4?
20
In base 16, what is -2 + 29?
27
In base 10, what is -3 - -1763?
1760
In base 6, what is 1401 - -10?
1411
In base 13, what is -21 - 9?
-2a
In base 14, what is d9 - 24?
b5
In base 3, what is 1 - -1011001?
1011002
In base 15, what is 11 + 6e2?
703
In base 11, what is -100 - 17?
-117
In base 11, what is -5 + 2070?
2066
In base 5, what is 4 + -112?
-103
In base 7, what is 41414 + 3?
41420
In base 9, what is 3 + -6765?
-6762
In base 3, what is -20 + 11?
-2
In base 5, what is 31030 + -4?
31021
In base 3, what is -200 - -1001?
101
In base 13, what is 14 + -19?
-5
In base 13, what is -5 + -208?
-210
In base 10, what is -6 - -4?
-2
In base 2, what is 100111010110 - 1?
100111010101
In base 14, what is 582a - 3?
5827
In base 10, what is 3 - -1039?
1042
In base 15, what is -8 - 905?
-90d
In base 5, what is 2 - -421?
423
In base 3, what is -10212 + 1202?
-2010
In base 3, what is 101110220 - 2?
101110211
In base 4, what is 123231 + 10?
123301
In base 2, what is 10101010 + 0?
10101010
In base 15, what is 5 - 1c?
-17
In base 10, what is 8 - 2?
6
In base 11, what is -16 - -134?
119
In base 5, what is -3 - 331?
-334
In base 11, what is 2 + 564?
566
In base 4, what is 231103 - -1?
231110
In base 14, what is -54 + -4?
-58
In base 7, what is -102 - -2?
-100
In base 11, what is -2886 + 5?
-2881
In base 13, what is -36 - -30?
-6
In base 14, what is 4 + 2a6?
2aa
In base 11, what is -2 + -a1?
-a3
In base 11, what is -23 + 10a?
97
In base 13, what is 4 - -1c?
23
In base 5, what is -14034 + 1?
-14033
In base 6, what is -2334 - -2?
-2332
In base 4, what is -233 + -13?
-312
In base 10, what is 5 - -121?
126
In base 12, what is -45 + 1?
-44
In base 13, what is -5 + 34?
2c
In base 10, what is -39 + -1?
-40
In base 6, what is -333 - 5?
-342
In base 13, what is 6 + 25?
2b
In base 7, what is 1 - -31?
32
In base 11, what is 5 - 289?
-284
In base 5, what is -1 + -130?
-131
In base 12, what is -a81 + 5?
-a78
In base 10, what is 3 + -101?
-98
In base 16, what is 2a8 - 0?
2a8
In base 10, what is -619 + 5?
-614
In base 7, what is 1 - -36?
40
In base 12, what is -34 - 31?
-65
In base 4, what is -110 + 133?
23
In base 12, what is 103 + -4?
bb
In base 2, what is -1101001 - -100111?
-1000010
In base 9, what is 13 - -15?
28
In base 11, what is -11 + 12?
1
In base 13, what is 2 - 10?
-b
In base 15, what is 16b - -5?
171
In base 6, what is 143410 - 3?
143403
In base 12, what is 2a4 - 6?
29a
In base 2, what is -10 + -1110?
-10000
In base 14, what is -7 - 75?
-7c
In base 8, what is 57 - 40?
17
In base 15, what is 4 - 97a?
-976
In base 8, what is 1 - -145?
146
In base 8, what is -436 + 5?
-431
In base 11, what is 39 + 10?
49
In base 5, what is -11 + -3434?
-4000
In base 5, what is 0 - -20021?
20021
In base 4, what is 112 - -30?
202
In base 15, what is d - 47?
-39
In base 9, what is -10 + -1126?
-1136
In base 15, what is 9e0 + -7?
9d8
In base 5, what is -220 + 3?
-212
In base 6, what is 1521 + 3?
1524
In base 13, what is 1 + -5a?
-59
In base 7, what is 1516 - -3?
1522
In base 3, what is -1 - -22122?
22121
In base 3, what is -200022012 + -1?
-200022020
In base 13, what is 4 + -1190?
-1189
In base 2, what is -1100 + 10001?
101
In base 2, what is -10 + -111111?
-1000001
In base 7, what is 40 + -415?
-345
In base 6, what is -2501 - 0?
-2501
In base 5, what is 34 - 32?
2
In base 7, what is -324 + -32?
-356
In base 6, what is 41100 + 5?
41105
In base 4, what is 3331 + 10?
10001
In base 8, what is 7733 + 2?
7735
In base 12, what is -17 - -2?
-15
In base 5, what is 23410 + -1?
23404
In base 15, what is 6 - 64d?
-647
In base 2, what is 110 + -10110?
-10000
In base 14, what is 1054 - 1?
1053
In base 7, what is 5 - -2460?
2465
In base 12, what is 8ba - -16?
914
In base 3, what is -12 + -111?
-200
In base 8, what is -41037 + -4?
-41043
In base 7, what is -5116 + 1?
-5115
In base 2, what is 1001 + -11?
110
In base 12, what is -249 - -4?
-245
In base 2, what is 1 + -10000?
-1111
In base 12, what is a - -85?
93
In base 9, what is 184 - 0?
184
In base 3, what is 21 - 2000?
-1202
In base 2, what is 100010010 - 11?
100001111
In base 7, what is 3 - 265?
-262
In base 3, what is -11102 + -1201?
-20010
In base 12, what is 42 - -84?
106
In base 6, what is -41 - -103?
22
In base 14, what is -2 + -4?
-6
In base 5, what is 0 + -1214?
-1214
In base 5, what is 101413 + -10?
101403
In base 15, what is -7d - -4?
-79
In base 5, what is 2 + 21?
23
In base 8, what is 3 - 51?
-46
In base 15, what is -1 - 46?
-47
In base 10, what is -4 + -228?
-232
In base 13, what is 0 + 3765?
3765
In base 10, what is 103 - -2?
105
In base 10, what is 23 + 7?
30
In base 5, what is -103004 + -1?
-103010
In base 13, what is -45 + -16?
-5b
In base 15, what is 4 - -c22?
c26
In base 14, what is -2a3 + -1?
-2a4
In base 8, what is -220 - 2?
-222
In base 14, what is -178 + -1?
-179
In base 6, what is 33 + -51?
-14
In base 4, what is 11 + -20222?
-20211
In base 13, what is -3 + -414?
-417
In base 6, what is 4 - -3253?
3301
In base 3, what is 2 - -121010?
121012
In base 4, what is -2 + 1230?
1222
In base 8, what is 6 - 2454?
-2446
In base 9, what is 11 + 74?
85
In base 7, what is -2245 + -5